{"id":3619,"date":"2019-12-23T14:23:16","date_gmt":"2019-12-23T14:23:16","guid":{"rendered":"http:\/\/interled.es\/?page_id=3619"},"modified":"2021-02-11T06:01:00","modified_gmt":"2021-02-11T06:01:00","slug":"uber-uns","status":"publish","type":"page","link":"https:\/\/interled.es\/es\/uber-uns\/","title":{"rendered":"\u00dcber uns"},"content":{"rendered":"<p>[vc_row row_color=\u00bbbgBlack\u00bb extra=\u00bbstretched\u00bb css=\u00bb.vc_custom_1564525973763{margin-top: -100px !important;background-color: #000000 !important;}\u00bb][vc_column extra=\u00bbnoPadding\u00bb][vc_row_inner inner_row_color=\u00bbbgBlack\u00bb inner_extra=\u00bbpadding\u00bb][vc_column_inner][vc_empty_space height=\u00bb75px\u00bb]<h3 class=\"text-left\">SOBRE NOSOTROS<\/h3>[vc_empty_space height=\u00bb55px\u00bb][vc_column_text]<\/p>\n<p class=\"p1\"><span class=\"s1\">InterLED, Sounds &amp; Visions SL es una empresa bajo liderazgo alem\u00e1n con m\u00e1s de 30 a\u00f1os de s\u00f3lida experiencia internacional en el campo del \u00absonido y la luz\u00bb. El fundador y dise\u00f1ador de luz certificado de la compa\u00f1\u00eda, Lars Ranzenberger, es el pionero del LED en Mallorca y sus dise\u00f1os de luz y sonido se basan exclusivamente en productos de marca establecidos (principalmente de Alemania o los EE. UU.) para conjugar una iluminaci\u00f3n armoniosa y agradable en interiores y exteriores en un blanco c\u00e1lido homog\u00e9neo y suave.<\/span><\/p>\n<p>[\/vc_column_text][\/vc_column_inner][\/vc_row_inner][vc_empty_space height=\u00bb12px\u00bb css=\u00bb.vc_custom_1559951104334{background-color: #d8c231 !important;}\u00bb][\/vc_column][\/vc_row][vc_row disable_element=\u00bbyes\u00bb row_color=\u00bbbgBlack\u00bb row_padding=\u00bbdefault\u00bb][vc_column]<div class=\"dividerCenterWhite\"><\/div>[vc_column_text]<\/p>\n<h4 class=\"p1\" style=\"text-align: center;\"><strong><span class=\"s1\">Als Partner von Bose Professional Deutschland bietet<\/span><\/strong><\/h4>\n<p class=\"p1\" style=\"text-align: center;\"><span class=\"s1\">InterLED, Sounds &amp; Visions SL individuelle L\u00f6sungen und angenehmes Ambiente in Ihren R\u00e4umen durch hochwertigen Klang und brilliantes Bild bis hin zum umfangreichen Dolby Surround Sound Home Cinema.<\/span><\/p>\n<p>&nbsp;<\/p>\n<h4 class=\"p1\" style=\"text-align: center;\"><strong><span class=\"s1\">Mallorcas LED Kompetenz als Fachmann in der Presse und Radio:<\/span><\/strong><\/h4>\n<p class=\"p1\" style=\"text-align: center;\"><span class=\"s1\">Als Mallorcas LED Kompetenz verfasst Lars Ranzenberger dar\u00fcberhinaus bereits seit 2008 als freier Kolumnist fuer die Presse eine objektiv-informative Reihe zum Thema \u201eLED Beleuchtung\u201c und verfasst f\u00fcr das Inselradio 95,8 den \u201cLED-Tipp der Woche\u201d.<\/span><\/p>\n<p>&nbsp;<\/p>\n<h4 class=\"p1\" style=\"text-align: center;\"><strong><span class=\"s1\">Komponenten mit lebenslanger Garantie und individuell gestaltbar:<\/span><\/strong><\/h4>\n<p class=\"p1\" style=\"text-align: center;\"><span class=\"s1\">InterLED, Sounds &amp; Visions SL ist der einzige Spezialist Mallorcas, der Leuchten mit Komponenten lebenslanger Garantie bietet. Aussenleuchten f\u00fcr Fassade, Garten oder Pool von h\u00f6chster Qualit\u00e4t, die selbst in Mallorcas hartem Klima auch direkt in der ersten Meereslinie nicht rosten ! Wahlweise aus V4A Edelstahl, \u00fcber massivem Kupfer bis hin zu individueller RAL Pulverschichtung nach Kundenwunsch !<\/span><\/p>\n<p>[\/vc_column_text][\/vc_column][\/vc_row]<\/p>\n","protected":false},"excerpt":{"rendered":"<p>[vc_row row_color=\u00bbbgBlack\u00bb extra=\u00bbstretched\u00bb css=\u00bb.vc_custom_1564525973763{margin-top: -100px !important;background-color: #000000 !important;}\u00bb][vc_column extra=\u00bbnoPadding\u00bb][vc_row_inner inner_row_color=\u00bbbgBlack\u00bb inner_extra=\u00bbpadding\u00bb][vc_column_inner][vc_empty_space height=\u00bb75px\u00bb][vc_empty_space height=\u00bb55px\u00bb][vc_column_text] InterLED, Sounds &amp; Visions SL es una empresa bajo liderazgo alem\u00e1n con m\u00e1s de 30 a\u00f1os de s\u00f3lida experiencia internacional en el campo del \u00absonido y la luz\u00bb. El fundador y dise\u00f1ador de luz certificado de la compa\u00f1\u00eda, Lars Ranzenberger, es el [&hellip;]<\/p>\n","protected":false},"author":2,"featured_media":0,"parent":0,"menu_order":0,"comment_status":"closed","ping_status":"closed","template":"template-page-full.php","meta":{"footnotes":""},"class_list":["post-3619","page","type-page","status-publish","hentry"],"yoast_head":"<!-- This site is optimized with the Yoast SEO plugin v18.4 - https:\/\/yoast.com\/wordpress\/plugins\/seo\/ -->\n<title>\u00dcber uns | MallorcaLED<\/title>\n<meta name=\"robots\" content=\"index, follow, max-snippet:-1, max-image-preview:large, max-video-preview:-1\" \/>\n<link rel=\"canonical\" href=\"https:\/\/interled.es\/es\/uber-uns\/\" \/>\n<meta property=\"og:locale\" content=\"es_ES\" \/>\n<meta property=\"og:type\" content=\"article\" \/>\n<meta property=\"og:title\" content=\"\u00dcber uns | MallorcaLED\" \/>\n<meta property=\"og:description\" content=\"[vc_row row_color=\u00bbbgBlack\u00bb extra=\u00bbstretched\u00bb css=\u00bb.vc_custom_1564525973763{margin-top: -100px !important;background-color: #000000 !important;}\u00bb][vc_column extra=\u00bbnoPadding\u00bb][vc_row_inner inner_row_color=\u00bbbgBlack\u00bb inner_extra=\u00bbpadding\u00bb][vc_column_inner][vc_empty_space height=\u00bb75px\u00bb][vc_empty_space height=\u00bb55px\u00bb][vc_column_text] InterLED, Sounds &amp; Visions SL es una empresa bajo liderazgo alem\u00e1n con m\u00e1s de 30 a\u00f1os de s\u00f3lida experiencia internacional en el campo del \u00absonido y la luz\u00bb. El fundador y dise\u00f1ador de luz certificado de la compa\u00f1\u00eda, Lars Ranzenberger, es el [&hellip;]\" \/>\n<meta property=\"og:url\" content=\"https:\/\/interled.es\/es\/uber-uns\/\" \/>\n<meta property=\"og:site_name\" content=\"MallorcaLED\" \/>\n<meta property=\"article:modified_time\" content=\"2021-02-11T06:01:00+00:00\" \/>\n<meta name=\"twitter:card\" content=\"summary_large_image\" \/>\n<meta name=\"twitter:label1\" content=\"Tiempo de lectura\" \/>\n\t<meta name=\"twitter:data1\" content=\"2 minutos\" \/>\n<script type=\"application\/ld+json\" class=\"yoast-schema-graph\">{\"@context\":\"https:\/\/schema.org\",\"@graph\":[{\"@type\":\"WebSite\",\"@id\":\"https:\/\/interled.es\/#website\",\"url\":\"https:\/\/interled.es\/\",\"name\":\"Interled Sounds & Visions Mallorca\",\"description\":\"LED Lighting, Sound , TV\",\"potentialAction\":[{\"@type\":\"SearchAction\",\"target\":{\"@type\":\"EntryPoint\",\"urlTemplate\":\"https:\/\/interled.es\/?s={search_term_string}\"},\"query-input\":\"required name=search_term_string\"}],\"inLanguage\":\"es\"},{\"@type\":\"WebPage\",\"@id\":\"https:\/\/interled.es\/es\/uber-uns\/#webpage\",\"url\":\"https:\/\/interled.es\/es\/uber-uns\/\",\"name\":\"\u00dcber uns | MallorcaLED\",\"isPartOf\":{\"@id\":\"https:\/\/interled.es\/#website\"},\"datePublished\":\"2019-12-23T14:23:16+00:00\",\"dateModified\":\"2021-02-11T06:01:00+00:00\",\"breadcrumb\":{\"@id\":\"https:\/\/interled.es\/es\/uber-uns\/#breadcrumb\"},\"inLanguage\":\"es\",\"potentialAction\":[{\"@type\":\"ReadAction\",\"target\":[\"https:\/\/interled.es\/es\/uber-uns\/\"]}]},{\"@type\":\"BreadcrumbList\",\"@id\":\"https:\/\/interled.es\/es\/uber-uns\/#breadcrumb\",\"itemListElement\":[{\"@type\":\"ListItem\",\"position\":1,\"name\":\"Home\",\"item\":\"https:\/\/interled.es\/es\/\"},{\"@type\":\"ListItem\",\"position\":2,\"name\":\"\u00dcber uns\"}]}]}<\/script>\n<!-- \/ Yoast SEO plugin. -->","yoast_head_json":{"title":"\u00dcber uns | MallorcaLED","robots":{"index":"index","follow":"follow","max-snippet":"max-snippet:-1","max-image-preview":"max-image-preview:large","max-video-preview":"max-video-preview:-1"},"canonical":"https:\/\/interled.es\/es\/uber-uns\/","og_locale":"es_ES","og_type":"article","og_title":"\u00dcber uns | MallorcaLED","og_description":"[vc_row row_color=\u00bbbgBlack\u00bb extra=\u00bbstretched\u00bb css=\u00bb.vc_custom_1564525973763{margin-top: -100px !important;background-color: #000000 !important;}\u00bb][vc_column extra=\u00bbnoPadding\u00bb][vc_row_inner inner_row_color=\u00bbbgBlack\u00bb inner_extra=\u00bbpadding\u00bb][vc_column_inner][vc_empty_space height=\u00bb75px\u00bb][vc_empty_space height=\u00bb55px\u00bb][vc_column_text] InterLED, Sounds &amp; Visions SL es una empresa bajo liderazgo alem\u00e1n con m\u00e1s de 30 a\u00f1os de s\u00f3lida experiencia internacional en el campo del \u00absonido y la luz\u00bb. El fundador y dise\u00f1ador de luz certificado de la compa\u00f1\u00eda, Lars Ranzenberger, es el [&hellip;]","og_url":"https:\/\/interled.es\/es\/uber-uns\/","og_site_name":"MallorcaLED","article_modified_time":"2021-02-11T06:01:00+00:00","twitter_card":"summary_large_image","twitter_misc":{"Tiempo de lectura":"2 minutos"},"schema":{"@context":"https:\/\/schema.org","@graph":[{"@type":"WebSite","@id":"https:\/\/interled.es\/#website","url":"https:\/\/interled.es\/","name":"Interled Sounds & Visions Mallorca","description":"LED Lighting, Sound , TV","potentialAction":[{"@type":"SearchAction","target":{"@type":"EntryPoint","urlTemplate":"https:\/\/interled.es\/?s={search_term_string}"},"query-input":"required name=search_term_string"}],"inLanguage":"es"},{"@type":"WebPage","@id":"https:\/\/interled.es\/es\/uber-uns\/#webpage","url":"https:\/\/interled.es\/es\/uber-uns\/","name":"\u00dcber uns | MallorcaLED","isPartOf":{"@id":"https:\/\/interled.es\/#website"},"datePublished":"2019-12-23T14:23:16+00:00","dateModified":"2021-02-11T06:01:00+00:00","breadcrumb":{"@id":"https:\/\/interled.es\/es\/uber-uns\/#breadcrumb"},"inLanguage":"es","potentialAction":[{"@type":"ReadAction","target":["https:\/\/interled.es\/es\/uber-uns\/"]}]},{"@type":"BreadcrumbList","@id":"https:\/\/interled.es\/es\/uber-uns\/#breadcrumb","itemListElement":[{"@type":"ListItem","position":1,"name":"Home","item":"https:\/\/interled.es\/es\/"},{"@type":"ListItem","position":2,"name":"\u00dcber uns"}]}]}},"_links":{"self":[{"href":"https:\/\/interled.es\/es\/wp-json\/wp\/v2\/pages\/3619"}],"collection":[{"href":"https:\/\/interled.es\/es\/wp-json\/wp\/v2\/pages"}],"about":[{"href":"https:\/\/interled.es\/es\/wp-json\/wp\/v2\/types\/page"}],"author":[{"embeddable":true,"href":"https:\/\/interled.es\/es\/wp-json\/wp\/v2\/users\/2"}],"replies":[{"embeddable":true,"href":"https:\/\/interled.es\/es\/wp-json\/wp\/v2\/comments?post=3619"}],"version-history":[{"count":4,"href":"https:\/\/interled.es\/es\/wp-json\/wp\/v2\/pages\/3619\/revisions"}],"predecessor-version":[{"id":3931,"href":"https:\/\/interled.es\/es\/wp-json\/wp\/v2\/pages\/3619\/revisions\/3931"}],"wp:attachment":[{"href":"https:\/\/interled.es\/es\/wp-json\/wp\/v2\/media?parent=3619"}],"curies":[{"name":"wp","href":"https:\/\/api.w.org\/{rel}","templated":true}]}}

Über uns

<p>[vc_row row_color=»bgBlack» extra=»stretched» css=».vc_custom_1564525973763{margin-top: -100px !important;background-color: #000000 !important;}»][vc_column extra=»noPadding»][vc_row_inner inner_row_color=»bgBlack» inner_extra=»padding»][vc_column_inner][vc_empty_space height=»75px»]<h3 class="text-left">SOBRE NOSOTROS</h3>[vc_empty_space height=»55px»][vc_column_text]</p>
<p class="p1"><span class="s1">InterLED, Sounds &amp; Visions SL es una empresa bajo liderazgo alemán con más de 30 años de sólida experiencia internacional en el campo del «sonido y la luz». El fundador y diseñador de luz certificado de la compañía, Lars Ranzenberger, es el pionero del LED en Mallorca y sus diseños de luz y sonido se basan exclusivamente en productos de marca establecidos (principalmente de Alemania o los EE. UU.) para conjugar una iluminación armoniosa y agradable en interiores y exteriores en un blanco cálido homogéneo y suave.</span></p>
<p>[/vc_column_text][/vc_column_inner][/vc_row_inner][vc_empty_space height=»12px» css=».vc_custom_1559951104334{background-color: #d8c231 !important;}»][/vc_column][/vc_row][vc_row disable_element=»yes» row_color=»bgBlack» row_padding=»default»][vc_column]<div class="dividerCenterWhite"></div>[vc_column_text]</p>
<h4 class="p1" style="text-align: center;"><strong><span class="s1">Als Partner von Bose Professional Deutschland bietet</span></strong></h4>
<p class="p1" style="text-align: center;"><span class="s1">InterLED, Sounds &amp; Visions SL individuelle Lösungen und angenehmes Ambiente in Ihren Räumen durch hochwertigen Klang und brilliantes Bild bis hin zum umfangreichen Dolby Surround Sound Home Cinema.</span></p>
<p>&nbsp;</p>
<h4 class="p1" style="text-align: center;"><strong><span class="s1">Mallorcas LED Kompetenz als Fachmann in der Presse und Radio:</span></strong></h4>
<p class="p1" style="text-align: center;"><span class="s1">Als Mallorcas LED Kompetenz verfasst Lars Ranzenberger darüberhinaus bereits seit 2008 als freier Kolumnist fuer die Presse eine objektiv-informative Reihe zum Thema „LED Beleuchtung“ und verfasst für das Inselradio 95,8 den “LED-Tipp der Woche”.</span></p>
<p>&nbsp;</p>
<h4 class="p1" style="text-align: center;"><strong><span class="s1">Komponenten mit lebenslanger Garantie und individuell gestaltbar:</span></strong></h4>
<p class="p1" style="text-align: center;"><span class="s1">InterLED, Sounds &amp; Visions SL ist der einzige Spezialist Mallorcas, der Leuchten mit Komponenten lebenslanger Garantie bietet. Aussenleuchten für Fassade, Garten oder Pool von höchster Qualität, die selbst in Mallorcas hartem Klima auch direkt in der ersten Meereslinie nicht rosten ! Wahlweise aus V4A Edelstahl, über massivem Kupfer bis hin zu individueller RAL Pulverschichtung nach Kundenwunsch !</span></p>
<p>[/vc_column_text][/vc_column][/vc_row]</p>

<p>[vc_row row_color=»bgBlack» extra=»stretched» css=».vc_custom_1564525973763{margin-top: -100px !important;background-color: #000000 !important;}»][vc_column extra=»noPadding»][vc_row_inner inner_row_color=»bgBlack» inner_extra=»padding»][vc_column_inner][vc_empty_space height=»75px»][vc_empty_space height=»55px»][vc_column_text] InterLED, Sounds &amp; Visions SL es una empresa bajo liderazgo alemán con más de 30 años de sólida experiencia internacional en el campo del «sonido y la luz». El fundador y diseñador de luz certificado de la compañía, Lars Ranzenberger, es el [&hellip;]</p>

<!-- This site is optimized with the Yoast SEO plugin v18.4 - https://yoast.com/wordpress/plugins/seo/ -->
<title>Über uns | MallorcaLED</title>
<meta name="robots" content="index, follow, max-snippet:-1, max-image-preview:large, max-video-preview:-1" />
<link rel="canonical" href="https://interled.es/es/uber-uns/" />
<meta property="og:locale" content="es_ES" />
<meta property="og:type" content="article" />
<meta property="og:title" content="Über uns | MallorcaLED" />
<meta property="og:description" content="[vc_row row_color=»bgBlack» extra=»stretched» css=».vc_custom_1564525973763{margin-top: -100px !important;background-color: #000000 !important;}»][vc_column extra=»noPadding»][vc_row_inner inner_row_color=»bgBlack» inner_extra=»padding»][vc_column_inner][vc_empty_space height=»75px»][vc_empty_space height=»55px»][vc_column_text] InterLED, Sounds &amp; Visions SL es una empresa bajo liderazgo alemán con más de 30 años de sólida experiencia internacional en el campo del «sonido y la luz». El fundador y diseñador de luz certificado de la compañía, Lars Ranzenberger, es el [&hellip;]" />
<meta property="og:url" content="https://interled.es/es/uber-uns/" />
<meta property="og:site_name" content="MallorcaLED" />
<meta property="article:modified_time" content="2021-02-11T06:01:00+00:00" />
<meta name="twitter:card" content="summary_large_image" />
<meta name="twitter:label1" content="Tiempo de lectura" />
	<meta name="twitter:data1" content="2 minutos" />
<script type="application/ld+json" class="yoast-schema-graph">{"@context":"https://schema.org","@graph":[{"@type":"WebSite","@id":"https://interled.es/#website","url":"https://interled.es/","name":"Interled Sounds & Visions Mallorca","description":"LED Lighting, Sound , TV","potentialAction":[{"@type":"SearchAction","target":{"@type":"EntryPoint","urlTemplate":"https://interled.es/?s={search_term_string}"},"query-input":"required name=search_term_string"}],"inLanguage":"es"},{"@type":"WebPage","@id":"https://interled.es/es/uber-uns/#webpage","url":"https://interled.es/es/uber-uns/","name":"Über uns | MallorcaLED","isPartOf":{"@id":"https://interled.es/#website"},"datePublished":"2019-12-23T14:23:16+00:00","dateModified":"2021-02-11T06:01:00+00:00","breadcrumb":{"@id":"https://interled.es/es/uber-uns/#breadcrumb"},"inLanguage":"es","potentialAction":[{"@type":"ReadAction","target":["https://interled.es/es/uber-uns/"]}]},{"@type":"BreadcrumbList","@id":"https://interled.es/es/uber-uns/#breadcrumb","itemListElement":[{"@type":"ListItem","position":1,"name":"Home","item":"https://interled.es/es/"},{"@type":"ListItem","position":2,"name":"Über uns"}]}]}</script>
<!-- / Yoast SEO plugin. -->

Über uns | MallorcaLED

[vc_row row_color=»bgBlack» extra=»stretched» css=».vc_custom_1564525973763{margin-top: -100px !important;background-color: #000000 !important;}»][vc_column extra=»noPadding»][vc_row_inner inner_row_color=»bgBlack» inner_extra=»padding»][vc_column_inner][vc_empty_space height=»75px»][vc_empty_space height=»55px»][vc_column_text] InterLED, Sounds &amp; Visions SL es una empresa bajo liderazgo alemán con más de 30 años de sólida experiencia internacional en el campo del «sonido y la luz». El fundador y diseñador de luz certificado de la compañía, Lars Ranzenberger, es el [&hellip;]
